+ -105 + 254)?
-46
-13 - (18 + -23 + -1 - (-1 + -1))
-9
What is the value of -308 + 299 + 12 + -4?
-1
What is the value of -73 + (-180 - -74) - -97?
-82
What is 2 - -18 - (0 + 104 - 37)?
-47
Calculate (-59 - -35 - -70) + (1 - 14).
33
(-2 - 36) + (-19 + 9 - (-17 - (-1 + -1)))
-33
Evaluate (-4 + 5 - 6) + (30 + -33 - 1 - -18).
9
Calculate (58 - 10) + -66 + (-6 - (4 - 2)).
-26
Calculate -41 - (0 - (6 + -5)) - -15.
-25
What is the value of -24 + 23 - (-8 + 17) - (5 + 6)?
-21
-1 + 19 - (75 - -23 - 113)
33
Evaluate 73 - ((155 - 78) + -74).
70
What is (12 - 3 - 3) + 11 + (-6 - 32)?
-21
Evaluate 586 + -589 - (1 - -64) - -17.
-51
Calculate (7 - -80) + (1971 - 2160).
-102
What is the value of -8 - (72 - 55 - 118)?
93
Evaluate -36 + (6 - -18) + 1 + 1 + 0 + -81.
-91
What is 7 + (-1042 - -1060) + -19 + 1 + (-53 - -1)?
-45
Evaluate -78 + -87 + 46 + 155.
36
Calculate 29 + -2 + 2158 + -2212.
-27
What is the value of (-8 - 18) + -3 + (13 - 4 - 3)?
-23
What is -126 - (-1 - (30 + 47))?
-48
Calculate (8 - -2) + (-15 - (11 + -28 - 2)) + -1.
13
Evaluate (1 - -50) + (925 - 893).
83
64 + (-31 - -5) + 42 + -14
66
Evaluate (-800 - -801) + 4 + 63 + (4 - 1).
71
Calculate (-16 + 13 - -10) + -42 + -2 - 6.
-43
What is the value of (2 + 1 - (2 + 17)) + (20 - 21 - 3)?
-20
What is 2 - (-1 - 14) - (61 + -76 - -27)?
5
18 + (-53 - 14 - -42 - (-2 - 9)) - 33
-29
Calculate (9 - 0) + 33 + (16 + 13 - 13).
58
Evaluate (-2233 - -2219) + (82 - (1 - 0)).
67
(-13 + -4 - 8) + -104 + 109
-20
What is 36 - (14 + (49 + -29 - 19))?
21
What is the value of -1 + (-22 + 53 - 10) - -4?
24
What is 2 - (10 + -11 - -48) - (0 + -5)?
-40
Calculate -54 + (26 - (13 + -4 + 4 + -24 + 25)).
-42
What is -47 + -2 + 9 + 127?
87
What is -79 - (-6 + (20 - 58))?
-35
What is (4 - (-1 + 1)) + (228 - 229) + 16?
19
Calculate -4 - -2 - -4 - (30 - (9 + 31)).
12
-9 + 18 + 1 - -13 - (32 + -24)
15
What is -18 + (-13 - (-50 + -19) - 22) + (0 - 86)?
-70
Calculate -47 + (-3 + 0 - -6) + (-39 - -27).
-56
(47 - 87) + 82 + -83
-41
What is (16 - (9 - -2) - (-1 - -56)) + (705 - 695)?
-40
(12 + 13 - -37) + (-9 - 2) + 11
62
What is the value of -162 + 150 - (-33 + 3 + -4) - -9?
31
16 + (-45 - (55 + -13 + -20))
-51
-19 - -6 - (-3 + -43)
33
What is the value of 5073 + -5090 - (1 + -2 + (1 - -13))?
-30
Evaluate 67 + (-37 - 42 - -47) - 126.
-91
Evaluate -3 - ((10 - (-16 + 28)) + -2 + -9 - -7).
3
What is the value of 1 + -54 + (-1 - 1) + (-7 + -49 - -44)?
-67
Evaluate 13 + 1 + -1 - ((-72 - -68 - 10) + 166).
-139
Evaluate (-9 + 16 - 21) + -2 + 5 - 39.
-50
What is (-14 - 15) + 26 + 21 + 54?
72
Calculate (1 - (0 - -2)) + (-2 + -19 - -7 - -93).
78
Evaluate -5 - (-28 + 8) - (13 + -8 + 7).
3
Calculate 37 + -33 - (-4 + -35 + -10 - (-7 + 1)).
47
What is the value of 218 + -50 - 41 - 62?
65
-6 + (24 + -10 + -14 - 10) + 27 + 1
12
Calculate 1077 + -1063 + (-4 - -1).
11
What is -23 - (-13 + (-51 - -15 - -32))?
-6
-34 + 92 - (-13 + 3)
68
Calculate ((11 - 9) + -17 - -37) + -15.
7
Evaluate -27 - ((33 - 6) + -81).
27
What is 33 + (-7 - (14 + -6)) - (5 + -16)?
29
Evaluate -18 + 0 + 17 + (-16 - 12) + 2 + 5.
-22
What is 88 + (140 + -86 - 274)?
-132
What is the value of 2 + -19 + 8 + -5 - (97 + -71)?
-40
What is the value of 37 - 17 - (-11 + -17)?
48
Evaluate 65 + -64 + 138 + -82.
57
Calculate -23 - (-21 - (48 + 20)).
66
What is the value of 91 - (39 + -8 + 8 + 97 + -119)?
74
Evaluate (5 - (-1 + -1)) + -14 + -4 + 75 + 4.
68
Evaluate 0 - (-6 - 1 - 44 - -5 - (-2 + 14)).
58
-60 - (1 + -21 + (-205 - -232))
-67
Calculate 0 + (3 + -9 - (19 + -2 - 8)).
-15
What is the value of (13 - (-23 + 32 - (27 - -3))) + 6?
40
Evaluate -30 + -32 - -63 - (42 - -1).
-42
67 + -70 - (-10 - (3 - 1 - 94))
-85
What is (-8 - 0) + 133 - -6?
131
Evaluate 10 - (-1 - -3 - -11) - (-2 + (3 - 2)).
-2
Evaluate -1 - -14 - (14 + 38) - -18.
-21
What is -17 + -71 + 103 + -25?
-10
0 + (-11 - (3 + -1 + (18 - 81)))
50
What is the value of -7 + (-13 - 0) + (-34 - (-92 + 13))?
25
What is 0 + 5 + -14 + 5 - (682 - 647)?
-39
Calculate -25 - (-8 + ((-19 - -26) + 62 - 17)).
-69
What is the value of -113 + 108 + -4 + -1?
-10
Evaluate 3 + 3 + (1 - -3) + -289 + 280.
1
2134 + -2105 - (21 + 0 + 1)
7
27 - 6 - ((-25 - -15) + 14)
17
Evaluate (58 + -6 - -11) + -88.
-25
-34 + 4 + -7 + (1 + -1 - -9) + -1
-29
-122 + 79 - -73 - 137
-107
What is (68 - 13 - (-11 - -4)) + -20?
42
What is the value of (2 - 10) + -2 + 0 - (5450 - 5420)?
-40
What is the value of -264 + 330 + 0 + (2 - 4) - -19?
83
What is the value of 47 + -30 + -15 + 75 + (6 - -2)?
85
-119 + 65 - ((2 - -5) + -26)
-35
What is 47 + (-29 + 50 - 18)?
50
What is the value of -14 + 6 - 26 - 10 - (2 - -1)?
-47
What is the value of 2 + -4 + -34 - (32 + -69 + 42)?
-41
19 + 1 + 0 + -131 + 204 + -66
27
Calculate 14 + (4 - (3 + (20 - 10))) + 13.
18
What is -4 - (8 - (16 - 5 - (3 + -8)))?
4
What is the value of 10 + 2 + -4 + (101 - 174)?
-65
What is -5 + (-2 - -18 - -19) - 10?
20
What is 2 + -13 + 1 + -48 + (-20 - -49)?
-29
What is 17 - (-19 + (0 + 28 - -3))?
5
Calculate 68 + -99 + -37 - 6.
-74
Calculate -1267 + 1317 - (-8 - (-2 - 0)).
56
27 - (-43 - (-46 + (7 - -28)))
59
Evaluate -15 + -40 + (-24 - -67) + (1 - 0) + -11.
-22
-100 + (149 - 59) - (-5 - (-43 - 3))
-51
What is the value of -73 + 47 + (-17 + 9 - 6)?
-40
Evaluate (-425 - -356) + 5 + 167.
103
What is the value of (11 + -24 - -30 - 23) + (8 - 64)?
-62
-6 + 14 - -25 - 58
-25
Evaluate 2152 - 2097 - (85 - -1).
-31
What is -31 + 5 + -4 - -6 - (127 - 145)?
-6
Calculate -65 - (-9 - ((10 - -12) + -12)).
-46
-13 + 6 + -10 + 7
-10
What is the value of (-1 - (5 - 4)) + 2 - (-42 - -1)?
41
What is the value of -28 + 7 - (-1 + 8 + 23)?
-51
What is (-41 + (27 - 2) - (5 - 22)) + 77?
78
Calculate 24 - -22 - 21 - 33 - -7.
-1
Evaluate 6 + (-49 + 38 - (-18 + -1)) + -4 + -51.
-41
What is the value of 96 + 149 + -116 - 65?
64
(-41 + (23 - 9) - -23) + -23
-27
What is -10 + 3 + (26 - (-11 - -7)) + 1?
24
Evaluate 6 - (4 - (-15 - -30 - 26) - -21).
-30
(83 - 99 - -44) + (0 - 101)
-73
11 - (17 + -3 + -10 + 17)
-10
Calculate (-88 - (-66 + 133)) + 86.
-69
Calculate (-86 - -101) + 1 + -6 + -6 - (-42 + 1).
45
Calculate 9 + 17 + -11 + (-10 - -2) + -6.
1
What is (-929 - -995) + -4 + 1 + -11?
52
Calculate (7 - (6 - 2) - 4 - -12) + -40 + 39.
10
Calculate -13 + (2 - 54 - -88).
23
What is -1212 + 1143 - (0 + -123)?
54
0 + 15 + 11 - 43
-17
Evaluate -6 + 45 + -8 + (-16 - (3 - 13)) - -4.
29
Calculate -5 + -41 + -1 - (-34 + 38 + -5).
-46
32 - (18 + (-18 - 6) + 0 + 20)
18
What is (-50 - -32) + (18 - 6) + -2 + 19 + -89?
-78
(-8 - (-31 + 12 + 7)) + -4 + (-9 - 5)
-14
What is the value of (22 - (-22 - -24 - 11)) + 42?
73
What is (-7 - (-2 + 4)) + (3 - 0) - (1405 + -1378)?
-33
1 - (-2 + -6) - (-96 - -4 - (-494 - -430))
37
Evaluate -18 - (-44 - (-57 - 58)).
-89
What is the value of (79 - 31) + 5 + 0 + 11 + -26?
38
Calculate -2 + (22 - -1) + 2 + (5 - -6).
34
What is -54 - -17 - -14 - 23?
-46
(112 - (238 + -89)) + -4
-41
Calculate -33 + (1 - 5) + 1 - (-1671 + 1682).
-47
What is the value of -28 + -25 + (16 - -3 - 25)?
-59
What is (3 - -2) + -2 - ((-1 - -19) + 7 - 13)?
-9
Calculate (-169 - -6) + (-1081 - -1183).
-61
What is -4 + -40 - (408 - 462)?
10
What is (0 - 17) + (-46 + 26 - -22 - 1)?
-16
What is the value of -10 - ((42 - 54) + -48)?
50
37 + (-31 + 35 - 52)
-11
What is -5 + 54 + -52 + 25?
22
Evaluate -355 - -264 - (-131 + 11).
29
What is 94 + 61 - 71 - (2 - -19)?
63
Calculate (-15 - (-6 + (-6 - 0))) + (-6 - 3).
-12
13 + -2 - (2 - -3) - (-70 + 221 + -16)
-129
-8 + -3 - (23 + -39 + -2 + 15)
-8
What is the value of (89 - (0 + 2)) + (181 + 20 - 206)?
82
Calculate 1 + (15 - (15 + -1 + -17)) + -6 + -3.
10
Evaluate 230 + 16 + -193 + 77.
130
What is the value of 39 - (58 + -7) - -74?
62
Calculate (24 - 13) + -21 + -46 + 21.
-35
What is (8 + -22 - -10) + -39 + (5 - 4)?
-42
What is the value of (4 - 9) + 31 + 2 - ((21 - -1) + -16)?
22
Calculate (31 - 0) + (23 - (-17 - -9) - 28).
34
What is -3 - (20 - (-16 + 2 - 44))?
-81
Evaluate (-71 - -2) + 348 + -325.
-46
What is 29 - 0 - (-27 + 17 - 6 - -13)?
32
(-124 - -191) + (17 - 23) + 5 + -8
58
Calculate (-23 - (12 + -18)) + (37 - -6).
26
63 + -5 + 3 - (-62 - (-14 - 40))
69
What is 0 - -171 - (1541 - 1479)?
109
Evaluate -28 - (-18 - (9 - (-1 - -10))).
-10
What is the value of 17 - (-31 + 119) - -107?
36
What is -20 - (-22